 1 = 5*u. What are the prime factors of a?
3, 7
Let d(r) = 11*r**2 + 23*r - 25. Let p(y) = 2*y**2 - y. Let z(w) = d(w) - 6*p(w). What are the prime factors of z(17)?
179
Suppose 5*j + 2*a - 6668 - 15720 = 0, 2*a + 22392 = 5*j. What are the prime factors of j?
2, 2239
Let p(m) = -10*m**2 - 4*m - 2. Let b(r) = 4*r - 7*r + 0*r - 7*r**2 - 2*r**2 - 2. Let g(a) = -6*b(a) + 5*p(a). What are the prime factors of g(4)?
2, 29
Let m(z) = -z**3 + 2*z**2 - z + 162. Let a = 5 + -5. What are the prime factors of m(a)?
2, 3
Let l(x) = -2*x - 10. Let y be l(9). Let q = -23 - y. Suppose m - q*m + 8 = 0. What are the prime factors of m?
2
Let p = 5411 - 1794. What are the prime factors of p?
3617
Let p = -44 - 546. What are the prime factors of ((-34)/119 + p/42)*-12?
2, 43
Suppose -3*c = 2*d + 65, -3*d + 4*d + 2*c + 35 = 0. List the prime factors of (-1265)/d - (1 + 6/(-15)).
2, 5
Let t be (-2 + 0)/(-2*2/150). Suppose 4*d + 2*y - 64 = 0, -3*d + t = 3*y + 30. What are the prime factors of d?
17
Suppose -64132 = -15*o - 10597. What are the prime factors of o?
43, 83
Suppose -j + 2 = -0. Suppose -5*z + 198 + 262 = 0. Suppose -34 = j*p - z. What are the prime factors of p?
29
Suppose -h + 3 = -0. Let n be 76/6*6/4. Suppose -2*s - n = -h*s. What are the prime factors of s?
19
Let z(x) = x**3 - 4*x**2 - 19*x + 41. What are the prime factors of z(8)?
5, 29
What are the prime factors of ((-1466)/(-4))/((-19)/(-38))?
733
Let s(x) = -x**3 + 6*x**2 - 4*x + 2. Suppose -4 = -5*t + 4*t. What are the prime factors of s(t)?
2, 3
Suppose 0 = -x - 0*x - 24. Let d be 1/4 - 1074/x. Suppose s - d = -8. List the prime factors of s.
37
Let f be 7 + -5 + 2 + 286. What are the prime factors of (1 + -2)*(-7 - (f - 1))?
2, 37
Suppose q - 2*c - 1499 = 0, -5*q - 2*c + 6740 = -803. List the prime factors of q.
11, 137
Let o be (-1)/5 - (-105)/25. Let j be -3 + -1 + (o - -2). Suppose j*s + 9 = 3*s. List the prime factors of s.
3
Suppose 3*y - 12 = -3. Suppose -b + 0 = -y. Let i = 38 - b. What are the prime factors of i?
5, 7
Let j = 16 - 14. Suppose 0 = j*d + 4*l - 168, 0 = -2*d + 2*l - 7*l + 173. Suppose 3*r + 95 - 224 = -3*o, 2*o - 2*r = d. What are the prime factors of o?
2, 5
Let g(f) = -f**2 + 9*f + 14. Let i(s) = s**2 + 3*s + 6. Let x be i(-4). Let o be g(x). Suppose 7 + 1 = o*z. List the prime factors of z.
2
Suppose 0 = 2*y + 4*m - 1094, 12*m - 8 = 14*m. What are the prime factors of y?
3, 5, 37
Suppose o = -0*o + 5. Suppose -5*s - t + 1244 = 0, -3*s + s + o*t = -503. What are the prime factors of s?
3, 83
Let n(t) = 477*t - 223. List the prime factors of n(5).
2, 23, 47
What are the prime factors of 381 - (2 + 0 - (0 - -1))?
2, 5, 19
Suppose 2 = -4*g + 34. Let u be 2/g + (-7)/(-4). List the prime factors of 10 + 2/u + -1.
2, 5
List the prime factors of (1 + (1 - -1653))*39/15.
13, 331
What are the prime factors of 98*(-7 - -6)/(-2)?
7
Suppose -c + 623 = 5*p + 205, -c - 3*p + 426 = 0. What are the prime factors of c?
2, 3, 73
Suppose 1 = -5*y + 61. Suppose -2*b = b - 2*d + y, -20 = 4*b - 4*d. What are the prime factors of (b/(-6))/((-1)/(-93))?
31
Let p be 2/(-12) + 471/18. Suppose 0 = 3*c - p - 118. List the prime factors of c.
2, 3
Let t(u) = -16*u + 44*u + 34 - 17*u. What are the prime factors of t(8)?
2, 61
Let t(l) be the third derivative of -73*l**4/24 - l**3/2 + 3*l**2. What are the prime factors of t(-1)?
2, 5, 7
List the prime factors of (-3)/2*(-3)/((-27)/(-2346)).
17, 23
What are the prime factors of (-8680)/(-90) - (-1)/((-9)/4)?
2, 3
Let r(u) = u**2 + 8*u - 11. Let x be r(-8). Let w(t) = t**3 + 12*t**2 + 9*t - 9. What are the prime factors of w(x)?
13
Suppose 2*k - 3*m - 12 = 0, k - 2*m = 3*k - 2. Suppose k*a + 1746 = 9*a. What are the prime factors of a?
3, 97
Let d be (-255)/(-45) - 2/(-6). Suppose -2*g - 2*a = -72, g - d*a - 32 = -3*a. List the prime factors of g.
5, 7
Let n(f) = f**3 + 6*f**2 + f - 3. Let o be n(-5). Let p = -15 + o. Suppose 2*b - j = 116, -p*j + 2 + 2 = 0. What are the prime factors of b?
59
Let y = 106 + -45. Let d = 47 + y. List the prime factors of d.
2, 3
What are the prime factors of 51/(-9) - 20/(-12) - -3969?
5, 13, 61
Let n = 812 - 329. What are the prime factors of n?
3, 7, 23
Let q(i) = -i**3 + 20*i**2 - 25*i - 34. List the prime factors of q(18).
2, 41
Let c(m) = m**3 - 2*m**2 - 2*m + 1. Let r be c(3). Suppose n + 36 = r*n. Suppose 17*y - 16*y - n = 0. List the prime factors of y.
2, 3
Let q = 64 - 72. What are the prime factors of (226/4)/(((-36)/q)/9)?
113
Let n(x) = 6*x**2 - 4*x + 5. Let t(p) = -p**3 + 5*p**2 - 3*p + 4. Let a(i) = -4*n(i) + 5*t(i). What are the prime factors of a(-2)?
2, 3, 7
Suppose -3*i = 13 - 13. Suppose i = n + 3, 39 = k + 2*n - 5*n. List the prime factors of k.
2, 3, 5
Let p(q) = 2*q**2 + 4*q + 5. Let n = 1 + -3. Let x be p(n). What are the prime factors of ((-54)/x)/((-21)/70)?
2, 3
Let g(v) = -v - 9. Let m(r) = -r - 18. Let h(b) = 5*g(b) - 3*m(b). Let n be (-3)/(3 - 6/20*9). List the prime factors of h(n).
29
Let z = -1 - -4. Let w = z - -21. What are the prime factors of w/10 - 6/15?
2
Let c be (-1)/(9/5 + -2). Suppose -4*r = -c*t + 407, 3*t + 4*r - 423 = -2*t. List the prime factors of t.
83
Let o be 1/(-3*(-4)/(-468)). Let j = 55 + o. Let v = j + -3. List the prime factors of v.
13
Let g be 2/(-6) - (-20)/6. Suppose 0 = -4*j + 7 - g, 5*q = 4*j - 239. Let p = q - -66. What are the prime factors of p?
19
Let j be 7 - (-2 + 0 + 0). Let s(y) = 4 + j + 3*y**3 - 2*y**2 - 12 + y. List the prime factors of s(2).
19
Suppose 0 = -4*d + 5 - 821. Let i = -121 - d. List the prime factors of i.
83
Suppose 3*q - n = 70 + 25, -2*q = 3*n - 45. Let p = q - -37. Suppose -17 = 2*z - p. What are the prime factors of z?
5
Let c(p) = -p**3 + 42*p**2 - 12*p + 589. What are the prime factors of c(39)?
2, 1171
Suppose -2*o = -7*o + 50. Let f(p) = -3 + o*p + p**2 + 0*p - 5*p. What are the prime factors of f(4)?
3, 11
Suppose 2*r = 3*i + 33 + 73, -5*r + 265 = -2*i. Let v = r - 21. List the prime factors of v.
2
Suppose -2 - 12 = -7*l. Suppose 0 = 2*u - 3*p - 187, l*u - 6*p - 189 = -p. What are the prime factors of u?
2, 23
Let j(x) = -3*x + 7. List the prime factors of j(-40).
127
Let x = -29 - -24. Let a be (-3)/x + (-684)/15. Let j = -3 - a. List the prime factors of j.
2, 3, 7
What are the prime factors of (1454 - (-1 - 0))/1?
3, 5, 97
Let f = 11252 - 6608. List the prime factors of f.
2, 3, 43
Let m be (-1)/(-2) - (-87)/2. Suppose -4*a = -8 - m. List the prime factors of a.
13
What are the prime factors of (12 - 122)*(-3)/2?
3, 5, 11
Suppose 2*g + 2*h + 350 - 884 = 0, 0 = -3*g - h + 791. List the prime factors of g.
2, 131
Let s(j) = -j**3 + 2*j**2 - 9*j + 12. Let g be s(5). Let l = 22 - g. What are the prime factors of l?
2, 5, 13
Suppose 0 = -27*o + 23*o + 476. Let y = o - 85. What are the prime factors of y?
2, 17
Suppose -s + 40 = 14. Let m(g) = g**3 - 25*g**2 - 24*g + 33. List the prime factors of m(s).
5, 17
Suppose 3*w = 12*k - 8*k - 220, 0 = 2*k + 4*w - 88. List the prime factors of k.
2, 13
Let q(l) = l**2 - 7*l - 3. Let g be q(7). Let d(w) = -w**3 + 2*w**2 - 3*w. What are the prime factors of d(g)?
2, 3
Suppose 2*z + 3*o = 2 + 5, 3*o = -4*z - 1. Let i be z/(-6) + (-203)/21. Let a = 30 + i. What are the prime factors of a?
3, 7
What are the prime factors of (19244/(-204))/(-1 - (-2)/3)?
283
Let s(q) be the second derivative of q**4/12 - 2*q**3/3 + 5*q**2/2 + 2*q. Let v be s(4). Let t(f) = 2*f**2 - 4*f + 6. List the prime factors of t(v).
2, 3
Let m(y) be the first derivative of -y**4 - y**2/2 + y + 5. Let j be m(1). List the prime factors of (25/10)/((-2)/j).
5
Let n(m) = -m**3 + 40*m**2 - 44*m - 253. What are the prime factors of n(36)?
3347
Suppose -3339 = -2*j + 2223. What are the prime factors of j?
3, 103
Suppose 0 = 2*u - 3*r - 2*r + 5, -3*u = -3*r + 3. Suppose -y - 4*y + 225 = u. What are the prime factors of y?
3, 5
Let j(n) = 3*n - 16. Let q be j(6). Suppose -2*b = 4*k - 34, q*k + 3*k + 7 = 3*b. List the prime factors of b.
3
Suppose s + 0*s - 5*t = 22, 12 = 3*t. Suppose -s = -5*h - 7. List the prime factors of h.
7
Let l(h) = -7 - 3*h - 10 + 3*h - 9*h. What are the prime factors of l(-10)?
73
Let z be 18/15*(-45)/(-6) - 0. Suppose -z*j - j = -1210. List the prime factors of j.
11
Let p = 51 + 310. Suppose a -